-8)). What is the units digit of 4/((-16)/s) - -2?
5
Let o(z) = -z**3 + 7*z**2 + 4*z + 3. Let w be o(7). Let b(m) = 4*m - 4. Let j be b(6). Let s = w - j. What is the tens digit of s?
1
Let o be ((-6)/9)/(4/24). What is the units digit of 4/16 + (-67)/o?
7
Let k = -106 + 210. What is the hundreds digit of k?
1
Suppose -3*t = -5*s - 2*t - 57, 2*t = 4. Let g = -11 - s. Suppose m + 3 = 0, -5*d - 3*m + 70 + 36 = g. What is the tens digit of d?
2
Let o be (-23)/(-7) - (-8)/(-28). Let d = o + -1. Let r(c) = c**3 + 3*c - 2. What is the units digit of r(d)?
2
Let o(f) = 11*f + 21. Let c(x) = 7*x + 14. Let k(i) = 8*c(i) - 5*o(i). What is the units digit of k(0)?
7
Let o(u) = -u**3 - 5*u**2 - 4*u. Let r(f) = f**2 - 6*f + 4. Let n be r(4). Let q be o(n). Suppose -7*g + 2*g + 40 = q. What is the units digit of g?
8
Suppose -5*x + 22 = 4*y, -y - x + 9 = 2*x. Let o(z) = -2*z**3 + z**3 + 0*z**3 + 4 - 2*z**2 + 0*z**y. What is the units digit of o(-3)?
3
What is the units digit of (489/6)/(1/4*2)?
3
Let x(f) = -f - 4. Let g be x(-4). Suppose q - 28 = -g*q. What is the units digit of q?
8
Let r(d) = -5*d**3 - d**2 - 4*d - 3. What is the units digit of r(-2)?
1
Suppose -r = -3, -4*r - 27 = -2*a - 5*r. Let g = -7 + a. What is the units digit of g?
5
Suppose 0 = -3*a - 33 + 3. Let v = -7 - a. Suppose -5*y = 4*d - v*d - 12, 3*d = 6. What is the units digit of y?
2
Let z = -91 - -318. What is the hundreds digit of z?
2
Suppose c = -5*o - 0*c - 46, 2*c + 20 = -2*o. What is the units digit of 120/54 + 2/o?
2
Let v(l) = -l + 2. Let a be v(1). Let i be 1*(0 - a)*-3. Suppose z - i = 3*h + 8, 5*z + 3*h = 73. What is the units digit of z?
4
Let w(x) = -x + 7. Let z be w(4). Suppose -z*i = 5*q - 161 - 23, -5*q + 2*i = -169. What is the units digit of q?
5
Suppose 3*o - 5*c - 180 = 0, o + 0*o = 4*c + 53. What is the tens digit of o?
6
Suppose 2*p + 2*p + 118 = 3*w, 5*w - 186 = -4*p. What is the tens digit of w?
3
Let j = 139 + 1. What is the tens digit of j?
4
Let j(w) = -w - 3. Let k be j(-3). Suppose -4*p = -5*a + 4 + 58, k = 4*p + 12. What is the tens digit of a?
1
Let s = 46 - 31. Suppose a + 3*a - 4 = 0. What is the units digit of 1 - (s/a)/(-3)?
6
Suppose 0 = -0*j - 9*j + 45. What is the units digit of j?
5
Let p(s) = s**3 + 4*s**2 + 3*s + 3. Let n be p(-3). Let z(f) = f**3 - f**2 - 5*f + 3. Let x be z(n). Suppose -2*m = -x*m + 72. What is the units digit of m?
8
Suppose -4*j - 3*y - 38 = 0, 0 = -0*j + j - 3*y + 17. Let c = j - -5. What is the units digit of (4/c + 1)*15?
5
Let c be (-13)/(-3) + (-3)/9. What is the units digit of 204/8*c/6?
7
Let s = 15 + 3. What is the tens digit of s?
1
Let f = -36 + 47. What is the units digit of f?
1
Suppose 0 = 29*v - 27*v - 488. What is the tens digit of v?
4
Let h(y) = -y**3 + 10*y**2 - 6*y - 7. What is the tens digit of h(8)?
7
Let h(c) be the first derivative of -c**4/12 + 7*c**3/6 - 2*c**2 + 4*c - 3. Let i(q) be the first derivative of h(q). What is the units digit of i(5)?
6
Suppose -7*t = 4*t - 2354. What is the tens digit of t?
1
Suppose 0 = m + 4 - 5. Let o be (m/(-2))/((-2)/(-120)). Let w = o - -42. What is the units digit of w?
2
Let b be 0*((-1)/2 - -1). Let z = 11 + -7. Suppose z*o + 4*f - 22 - 22 = b, -3*o + 4*f = -5. What is the units digit of o?
7
Let f(b) be the second derivative of 1/20*b**5 + 3/2*b**3 - 3/2*b**2 - 3/4*b**4 - 3*b + 0. What is the units digit of f(8)?
5
Let b = -87 - -125. Suppose 3*z = -t + b + 12, -t = -2*z - 25. What is the units digit of t?
5
Let t(c) = 34*c**2 - c. What is the tens digit of t(1)?
3
Let o(v) be the third derivative of -v**6/120 - v**5/15 - 5*v**4/24 - v**3/3 - 3*v**2. Let h be o(-3). What is the units digit of 4/h - (-6 + -1)?
8
Suppose v - 31 = -j - j, 3*j - 69 = 3*v. Let q = 40 - j. What is the tens digit of q?
2
Let m be (-2)/(1 + -1 + -1). Suppose -3*c + 7*c + 25 = -5*l, 4*l + 14 = -m*c. Let h = c - -24. What is the units digit of h?
9
Let t(u) be the third derivative of -u**5/60 + u**4/8 + 2*u**3/3 - 2*u**2. Let m be t(3). What is the units digit of m/(-5)*15/(-6)?
2
Let z be (7 - 6)/(2/14). Suppose -z*l = -6*l + 5, 0 = 4*f + 3*l - 1. Suppose -h = f*h - 30. What is the units digit of h?
6
Let q(x) = 2*x**2 + 25*x + 27. What is the hundreds digit of q(-15)?
1
Let n be (-4)/(-5) + (-33)/(-15). Suppose 3*h + z - 119 = 0, -132 = -4*h + z + n*z. What is the units digit of h?
8
Let h(c) = c**3 + 10*c**2 + 11*c + 11. Let q be h(-8). Let l = q + -23. What is the tens digit of l?
2
Let k = 54 - 29. Suppose -3*p + k = 2*p. What is the units digit of p?
5
Suppose 4*r - 3 = -11. What is the units digit of 3 + (2 + r)/2?
3
Let b(p) = p + 57. What is the units digit of b(-8)?
9
Suppose -5*r - 24 - 9 = -f, 2*r = -4*f + 44. Let g = f - -4. What is the units digit of g?
7
Let n(i) = 5*i - 40. Let k(p) = -p + 8. Let a(j) = 11*k(j) + 2*n(j). What is the units digit of a(6)?
2
Let v be 1398/66 - 4/22. Let y = 22 + -7. Let g = v - y. What is the units digit of g?
6
Let w be 26/4 + 2/4. Let i = w + -4. Suppose -2 = 2*u + 8, -67 = -4*k + i*u. What is the units digit of k?
3
Suppose -4*c + 2*u - 1 - 1 = 0, -5*u = -5*c - 5. Let n be ((-1)/(-2)*c)/(-1). Suppose 2*j = 3*z - 9, -2*z - 10 = -n*z + 4*j. What is the units digit of z?
1
Let n(o) = 387*o**3 + o**2 - 5*o + 4. What is the tens digit of n(1)?
8
Suppose 3*q = -0*q - 3*j + 24, -16 = -2*q + 5*j. Let d = q - 4. Suppose -d*s + 8*s - 3*o = 42, -5*s + 5*o = -50. What is the tens digit of s?
1
Let p(j) = j + 5. Let d be p(6). Suppose 5*c - 2*s + d = 4*c, 4*c + 44 = -2*s. Let f = 18 + c. What is the units digit of f?
7
Suppose 5 + 3 = 2*s. Suppose m - 2*m = -2, 4*m + 24 = s*h. What is the units digit of h?
8
Let r(x) = -7*x**2 + 6*x - 9. Let a(o) = 8*o**2 - 6*o + 10. Let b(g) = -4*a(g) - 5*r(g). What is the units digit of b(4)?
9
Suppose -5*n = 2*c - 7*c - 80, n - 46 = -5*c. What is the tens digit of n?
2
Let a = 1 - 0. What is the units digit of (2 - a)/(2/38)?
9
Suppose 0 = -f - 3*y - 6, 4*y + 8 = 3*f - 13. Suppose f*j = -3*t + 39 + 33, -75 = -3*j - 4*t. What is the tens digit of j?
2
Suppose -5*u + 5*g = -0*u - 35, -u = 2*g - 1. Suppose 3*j + 18 = u*j. What is the units digit of j?
9
Suppose 0*w - 10 = -2*a + w, -w = -a + 6. Suppose -2 = -2*m + a. Suppose x = 6*x + g - 60, -3*g = -m*x + 54. What is the units digit of x?
3
Let p(h) = -h. Let d(s) = -4*s - 2. Let f(o) = -d(o) + 3*p(o). Let a be f(4). Let k = 20 - a. What is the units digit of k?
4
Suppose -85 = -4*p + 139. What is the tens digit of p?
5
Suppose -n + 2*n - 40 = 0. Let q be (24/(-10))/((-4)/n). What is the units digit of (-3)/(-4) - (-6)/q?
1
Let w(z) = z**2 + 4*z - 11. Suppose -3*x - x + 4*u = 32, 31 = -4*x + 5*u. Let d be w(x). Suppose -3*o = c - d, c = -4*o + 3*c + 62. What is the tens digit of o?
1
What is the units digit of ((-6)/7)/((-2)/84)?
6
Let m(x) = x**3 - 7*x**2 + 6*x + 4. Let v be m(6). Suppose o + 3 - 4 = 2*t, -o + v*t = -3. What is the units digit of 0 + 2 + (-1)/o?
3
Let g(r) = 80*r**2 + 2*r + 2. What is the units digit of g(-1)?
0
Let q(s) = 3*s**2 + 2*s + 1. Let k be q(-1). Let c(n) = 1 - 10*n**3 - 2*n + 9*n**3 + 2*n**3. What is the units digit of c(k)?
5
Let o be (8/2)/(8/132). Let z = o + -36. What is the units digit of z?
0
Let s be -1*(1 - (-1 - -3)). Let m(a) = a**2 + 2*a - 2. What is the units digit of m(s)?
1
Let s = 16 + -7. Let k be 4/20 + (-24)/(-5). Let z = s - k. What is the units digit of z?
4
Let u = -11 - -15. Suppose -5*j = -21 - 19. Suppose -3*b = -u*b + j. What is the units digit of b?
8
Suppose -5*y + 2 + 13 = 0. What is the units digit of y?
3
Suppose -5 = 2*a - 3*a. Suppose 0*c + 16 = -4*c + 4*u, -5*u + 20 = a*c. Suppose c = 5*l + 1 - 66. What is the units digit of l?
3
Suppose l + 225 = 6*l. Let p = l - 26. What is the units digit of p?
9
Let l(y) = 2*y**2 + 8*y - 9. What is the hundreds digit of l(-10)?
1
What is the units digit of 3 + 4*64 + 3?
2
Suppose -1 = -3*r + 4*c, -3*r + c + 15 = -1. Let m = -6 + r. Let s = m - -7. What is the units digit of s?
8
Suppose -2*h + 120 = -8*h. Let b be (-13)/2 + (-1)/(-2). What is the tens digit of (72/h)/(b/20)?
1
Let l(k) be the second derivative of -k**4/12 - 3*k**3/2 + 13*k**2/2 + 2*k. What is the tens digit of l(-9)?
1
Let l = -8 + 10. What is the units digit of l/7 - 444/(-14)?
2
Let x(z) = z**